 the highest common factor of 252 and 36?
36
What is the highest common divisor of 28 and 3668?
28
Calculate the highest common factor of 39375 and 63.
63
Calculate the highest common divisor of 276 and 207.
69
What is the highest common divisor of 47 and 4559?
47
What is the greatest common divisor of 1380 and 322?
46
What is the highest common factor of 162 and 72?
18
What is the highest common factor of 1683 and 51?
51
Calculate the greatest common factor of 105 and 15.
15
What is the greatest common factor of 19 and 23503?
19
What is the greatest common divisor of 324 and 1323?
27
Calculate the greatest common factor of 17508 and 12.
12
What is the greatest common divisor of 84 and 378?
42
Calculate the greatest common factor of 42 and 30.
6
Calculate the highest common divisor of 8232 and 48.
24
What is the greatest common divisor of 171 and 76?
19
Calculate the highest common divisor of 78529 and 59.
59
What is the greatest common factor of 56 and 28364?
28
What is the greatest common divisor of 32 and 88?
8
Calculate the greatest common factor of 35 and 301.
7
Calculate the highest common divisor of 459 and 102.
51
Calculate the highest common divisor of 119 and 357.
119
What is the highest common divisor of 1856 and 80?
16
What is the greatest common factor of 18 and 3546?
18
What is the highest common factor of 3569 and 301?
43
Calculate the highest common factor of 1500 and 360.
60
Calculate the highest common divisor of 341 and 62.
31
What is the highest common divisor of 102 and 2278?
34
What is the highest common divisor of 1166 and 22?
22
What is the greatest common factor of 85 and 135?
5
What is the greatest common divisor of 4 and 64?
4
Calculate the greatest common factor of 39 and 169.
13
Calculate the highest common divisor of 53 and 1219.
53
What is the greatest common factor of 85 and 136?
17
What is the greatest common divisor of 68 and 12512?
68
What is the highest common factor of 20705 and 404?
101
What is the highest common factor of 8355 and 15?
15
What is the highest common divisor of 429 and 117?
39
Calculate the highest common factor of 124 and 93.
31
What is the greatest common divisor of 414 and 90?
18
What is the greatest common factor of 444 and 16?
4
Calculate the greatest common factor of 24 and 516.
12
Calculate the greatest common factor of 589 and 899.
31
What is the highest common factor of 87 and 203?
29
What is the highest common divisor of 250 and 890?
10
What is the greatest common divisor of 200 and 100?
100
Calculate the greatest common divisor of 28 and 8.
4
Calculate the greatest common factor of 45 and 165.
15
Calculate the highest common divisor of 40 and 680.
40
What is the greatest common factor of 2398 and 44?
22
Calculate the highest common divisor of 112 and 12656.
112
What is the greatest common divisor of 323 and 34?
17
Calculate the greatest common divisor of 75 and 96.
3
What is the greatest common factor of 286 and 234?
26
Calculate the greatest common divisor of 52488 and 81.
81
What is the highest common factor of 48 and 228?
12
What is the greatest common factor of 188 and 2350?
94
Calculate the highest common factor of 288 and 90.
18
What is the highest common divisor of 134 and 2747?
67
What is the highest common divisor of 176 and 64?
16
What is the highest common divisor of 32 and 2?
2
Calculate the greatest common factor of 425 and 25.
25
Calculate the highest common divisor of 390 and 156.
78
Calculate the highest common divisor of 1420 and 50.
10
What is the greatest common divisor of 1547 and 273?
91
What is the greatest common divisor of 1092 and 78?
78
Calculate the greatest common divisor of 81 and 1053.
81
What is the greatest common divisor of 2645 and 20?
5
Calculate the greatest common divisor of 585 and 315.
45
Calculate the highest common divisor of 731 and 43.
43
What is the greatest common factor of 46 and 23?
23
Calculate the greatest common divisor of 24 and 1812.
12
Calculate the greatest common factor of 186 and 2914.
62
Calculate the highest common factor of 2001 and 23.
23
Calculate the highest common divisor of 981 and 24.
3
Calculate the highest common divisor of 208 and 312.
104
Calculate the highest common divisor of 273 and 312.
39
Calculate the greatest common divisor of 220 and 484.
44
What is the highest common factor of 1771 and 9361?
253
What is the greatest common factor of 2490 and 210?
30
What is the greatest common factor of 528 and 96?
48
What is the highest common factor of 17 and 3213?
17
What is the greatest common divisor of 5280 and 40?
40
Calculate the greatest common divisor of 16 and 2056.
8
What is the greatest common factor of 454 and 10669?
227
What is the greatest common divisor of 553 and 7?
7
What is the highest common factor of 24724 and 28?
28
Calculate the highest common factor of 1764 and 4508.
196
What is the highest common divisor of 4536 and 42?
42
Calculate the highest common factor of 8302 and 14.
14
Calculate the greatest common divisor of 66 and 18.
6
Calculate the greatest common factor of 119 and 255.
17
What is the highest common divisor of 630 and 7?
7
What is the greatest common factor of 100 and 96?
4
Calculate the greatest common divisor of 32 and 1.
1
Calculate the highest common divisor of 82 and 8.
2
Calculate the highest common divisor of 1075 and 86.
43
Calculate the greatest common factor of 637 and 196.
49
Calculate the highest common factor of 430 and 50.
10
Calculate the highest common factor of 15 and 10665.
15
What is the greatest common factor of 60 and 20?
20
Calculate the greatest common factor of 162 and 144.
18
What is the highest common divisor of 459 and 54?
27
What is the highest common divisor of 30 and 240?
30
What is the greatest common divisor of 5796 and 3024?
252
What is the highest common factor of 53088 and 24?
24
What is the greatest common factor of 5 and 80?
5
What is the highest common divisor of 292 and 27?
1
Calculate the highest common factor of 24 and 24.
24
Calculate the greatest common factor of 255 and 153.
51
What is the highest common factor of 354 and 96?
6
Calculate the greatest common divisor of 48 and 54.
6
What is the highest common divisor of 24864 and 98?
14
What is the greatest common divisor of 3915 and 270?
135
What is the greatest common divisor of 16 and 68?
4
What is the highest common factor of 20 and 88?
4
What is the highest common divisor of 582 and 18?
6
What is the highest common divisor of 21372 and 26?
26
What is the greatest common factor of 43 and 344?
43
Calculate the greatest common factor of 90 and 28830.
30
What is the greatest common factor of 111 and 10952?
37
Calculate the greatest common factor of 25 and 5.
5
Calculate the highest common factor of 350 and 322.
14
What is the highest common divisor of 2412 and 36?
36
Calculate the greatest common divisor of 396 and 88.
44
Calculate the greatest common factor of 140 and 2170.
70
What is the highest common divisor of 2799 and 279?
9
What is the highest common factor of 232 and 638?
58
What is the highest common factor of 39 and 9633?
39
Calculate the highest common factor of 200 and 128.
8
What is the greatest common divisor of 65 and 65?
65
Calculate the highest common factor of 266 and 42.
14
Calculate the greatest common divisor of 1465 and 10.
5
What is the greatest common divisor of 16 and 200?
8
Calculate the highest common divisor of 108 and 288.
36
What is the highest common factor of 368 and 16?
16
Calculate the greatest common factor of 12 and 16.
4
Calculate the greatest common factor of 8 and 1324.
4
What is the highest common divisor of 25531 and 422?
211
Calculate the highest common divisor of 7 and 37989.
7
Calculate the highest common factor of 138267 and 243.
243
Calculate the greatest common factor of 36 and 2421.
9
What is the highest common divisor of 38340 and 108?
108
Calculate the highest common factor of 81 and 162.
81
Calculate the highest common factor of 2460 and 20.
20
What is the greatest common divisor of 98 and 70?
14
Calculate the greatest common factor of 243 and 3.
3
Calculate the greatest common factor of 1712 and 107.
107
Calculate the greatest common factor of 32 and 1936.
16
What is the greatest common divisor of 50 and 35?
5
Calculate the highest com